 (-9)/21. Suppose 0 = r - l*r - u - 6, 3*r + 22 = -5*u. What are the prime factors of 202 + r*(-24)/6?
2, 3, 11
Suppose 6*m - 2*o - 34 = 3*m, -4*m + 5*o + 50 = 0. Suppose -2*c - 13*j = -m*j - 656, 4*c - 2*j - 1312 = 0. List the prime factors of c.
2, 41
Let l = -91 + 91. List the prime factors of 21/7*(157 - l).
3, 157
Let z(u) = u**2 - 13*u - 11. Let w be z(14). Suppose w*s - r - 712 = -0*s, -2*r - 1185 = -5*s. List the prime factors of s.
239
Let t = 85 - 68. Suppose -21*c + t*c = -8. Suppose 3*s - 4*s - c*r = -190, 4*s = 4*r + 700. List the prime factors of s.
2, 3, 5
Suppose -4 - 18 = -5*n - 2*t, 3*n - 7 = 5*t. Suppose 2*b + n*v = 22, -3*b - 8*v = -4*v - 27. What are the prime factors of b?
5
Let k(h) = -23 - 3*h - 12 + 11 - 10. Let w be k(-11). What are the prime factors of -1*(-3 + 14)*w?
11
List the prime factors of 38273/5 + 21/(-35).
2, 43, 89
Let d(x) = 411*x + 82. Let z be d(4). Let f = 3318 - z. List the prime factors of f.
2, 199
Let p(j) = j**3 + 14*j + 31. What are the prime factors of p(6)?
331
Let s(u) = 364*u**2 + 52*u + 197. List the prime factors of s(-4).
5813
Suppose 4*o = h + 31 + 12, -3*o - 4*h + 18 = 0. Suppose o*n - 2851 - 5199 = 0. List the prime factors of n.
5, 7, 23
Let b(d) = -d**2 + 28*d - 46. Let k be b(26). Suppose -m + l = -460, k*l - l = 3*m - 1376. What are the prime factors of m?
2, 3, 7, 11
Let u(i) = -3090*i + 874. What are the prime factors of u(-2)?
2, 3527
Let m be ((-16)/(-3))/(-2 - 24/(-9)). Suppose -m*h + 1873 = -1367. List the prime factors of h.
3, 5
Let r(k) = 32*k**2 - 13*k + 307. What are the prime factors of r(14)?
6397
Let d = -17014 - -39339. What are the prime factors of d?
5, 19, 47
Let k(x) = -24*x**3 + 22*x**2 + 95*x + 9. List the prime factors of k(-6).
3, 5, 19
List the prime factors of (6 - 4 - 26951)*-1.
3, 13, 691
Suppose b + 324 = 320. List the prime factors of (b + 9)*(-1 + 34).
3, 5, 11
Let m = 89754 - 23941. List the prime factors of m.
11, 31, 193
Suppose 4*j = 3*v, 4*v = 5*v + 3*j. Let l be ((-420)/(-9) + v)/((-2)/15). Let a = 501 + l. List the prime factors of a.
151
Suppose -110*k + 102869 = -85671. List the prime factors of k.
2, 857
Let z be (-4*(-20)/(-48))/((-5)/12). Let s(k) be the third derivative of -k**6/120 + 2*k**5/15 - 5*k**4/24 + 4*k**3/3 - 2*k**2. List the prime factors of s(z).
2, 13
What are the prime factors of (-82180)/(-56)*484/10 + 10?
3, 877
Let x be 690/60 - ((-2)/(-4) - 0). Suppose -x*u + 46 = -31. Let p(h) = -h**3 + 7*h**2 + 3*h + 9. List the prime factors of p(u).
2, 3, 5
List the prime factors of 1226125/200 - (-6)/16.
6131
Let q be (-3)/(-1)*(3 - 2). Let h = 54 + -48. Suppose 5*f = -q*p + 491, 0 = -2*p + 5*f - h*f + 325. What are the prime factors of p?
2, 3
Suppose x = 5*d - 59237, 6 = -116*x + 113*x. List the prime factors of d.
3, 11, 359
Let q(r) = 2*r**3 - 165*r**2 + 119*r + 51. What are the prime factors of q(82)?
5, 617
Let u = 83 - 75. Suppose 0 = u*z - 7*z - 2. Suppose -7*i + z*i = -520. List the prime factors of i.
2, 13
What are the prime factors of 6/(-48) + 131217/8?
2, 59, 139
What are the prime factors of 15/(-10)*79528/(-12)?
9941
Let k(r) = -2*r**2 + 5*r + 14. Let j be k(4). Let f(q) = 105*q**2 - 3*q. What are the prime factors of f(j)?
2, 3, 23
Let u(n) = -689*n - 14506. List the prime factors of u(-43).
15121
Suppose -32*f + 14*f = -4770. Let q = f + 45. Suppose -4*p + 3*p = -q. List the prime factors of p.
2, 5, 31
What are the prime factors of 5*2528/40 + (-6)/(-2)?
11, 29
Suppose -71 + 131 = 20*z. Let r be 61/(-3) - (-4)/(-6). What are the prime factors of ((-679)/r)/((-16)/6 + z)?
97
Let q = -11286 - -23399. What are the prime factors of q?
12113
Let y be -4 + 1 - (-15 + -76). Let x(l) = 1133*l**2 + 2*l - 1. Let u be x(-1). Suppose 6*b - u = y. What are the prime factors of b?
7, 29
Suppose -422 - 304 = -6*h. Let o = h + 4. What are the prime factors of o?
5
Let b(i) = 42*i**2 - 6*i + 6. Let j be b(-2). Let d = j - 107. List the prime factors of d.
79
Let v = 31 + -20. Suppose v*t - 234 = 2*t. List the prime factors of t.
2, 13
Suppose -55*c + 63*c - 10792 = 0. Suppose c = 5*m - 591. List the prime factors of m.
2, 97
Suppose -14*a = -13*a - 30. Suppose -29*s = -a*s + 216. Suppose s = 24*l - 22*l. List the prime factors of l.
2, 3
Let r = -3338 - -4104. What are the prime factors of r?
2, 383
Suppose -8059 = -13*n + 72671. List the prime factors of n.
2, 3, 5, 23
Let g be (-8)/(294/(-102) - -3). List the prime factors of 187/(-44)*g - (1 - 1).
17
Suppose -5*c - 126 = 4*n + 425, 3*c + 692 = -5*n. Let k = n + 502. What are the prime factors of k?
3, 11
Let h(r) = -4 - 14*r + 6*r - 10 - 7*r + r**2 - 4*r**3. What are the prime factors of h(-5)?
2, 293
Suppose 6*u - 72 = 8*u. Let f = -26 - u. Suppose -f*q + 1320 = -2*q. List the prime factors of q.
3, 5, 11
Let r(z) = -6*z**3 - 41*z**2 - 15*z + 116. List the prime factors of r(-14).
2, 3, 1459
Let x(d) = -d**3 + 4*d**2 - d + 5. Let w be x(4). Suppose 4*o + 2*i = 177 - 9, -3*i = -o + 21. Let h = o + w. List the prime factors of h.
2, 5
Let z(i) = -2*i**2 + 28*i + 128. Let u be z(-10). Let y(c) = -4*c**2 - 8*c + 8. Let p be y(-8). Let n = p - u. What are the prime factors of n?
2, 3, 7
Let b be ((-438)/9)/((-2)/(-6)*-2). Let w = -68 + b. What are the prime factors of 67 + (-4 + w)*3?
2, 5, 7
Let u(q) = -q**3 + 18*q**2 - 38*q + 78. Let y be u(14). Let i(a) = -74*a - 1. Let t be i(2). Let c = t + y. List the prime factors of c.
181
What are the prime factors of 1 - ((-6)/(-8) - 984879/84)?
5, 7, 67
Suppose 34*t - 58768 = 26*t. List the prime factors of t.
2, 3673
Suppose -2*h = 3*o - 14001, -3*h + o = -11705 - 9258. List the prime factors of h.
2, 3, 5, 233
Suppose 44401 + 13230 = 17*i - 14687. What are the prime factors of i?
2, 3, 709
Suppose -101808 = -24*v + 51312. List the prime factors of v.
2, 5, 11, 29
Let i = 26 + -31. Let d be (-153 + -1)*(-2)/(20/i). What are the prime factors of (-2563)/d - (-4)/(-14)?
3, 11
Suppose 592*w - 520400 = 567*w. What are the prime factors of w?
2, 1301
Suppose -6*d - 8*d = -22904. Let w = -427 + d. List the prime factors of w.
3, 13, 31
Let r = -7019 + 11736. List the prime factors of r.
53, 89
Let l(s) = 10*s**3 - 3*s**2 - 2*s - 6. Let i be l(3). Let y = -521 + i. Let a = y + 501. List the prime factors of a.
211
Let a(m) = 0*m**3 + 22 - m**2 + 4*m**3 - 3*m**3. Let d(q) = -q**2 - 19*q - 78. Let g be d(-13). What are the prime factors of a(g)?
2, 11
Let z(t) = 397*t**2 + 5*t + 10. List the prime factors of z(3).
2, 7, 257
Suppose 5*z + 26630 = 5*s, s - 2371 = -5*z + 2997. What are the prime factors of s?
5333
Suppose 3*p - 84345 = -2*l, 4*l + 2*p = -2*p + 168684. What are the prime factors of l?
2, 3, 7, 251
Let a(v) = -5*v**2 - 18*v + 28. Let s(p) = -14*p + 10*p**2 + p**2 - 44 - 13 + 51*p. Let x(h) = -9*a(h) - 4*s(h). What are the prime factors of x(-18)?
2, 3
Suppose 9*f - 2705114 = -70*f - 576380. What are the prime factors of f?
2, 3, 499
Let i = 258 - 254. Suppose 0 = -2*f - i*v + 31 + 553, 0 = 4*f - 5*v - 1103. What are the prime factors of f?
2, 3, 47
Let z = -2883 + 4398. What are the prime factors of z?
3, 5, 101
Suppose 8*r = -27641 + 87217. What are the prime factors of r?
11, 677
Let h = 69 - 66. Let m be (990/21)/h - (-4)/14. Suppose 3*k - 17 = -4*f, 0*f + 4*k = -4*f + m. List the prime factors of f.
5
Suppose 0 = 4*m - 7 - 1. Suppose 97*w - 1700 = 92*w. Suppose -n - n = 5*g - w, -m*g - 2*n + 130 = 0. What are the prime factors of g?
2, 5, 7
Suppose -23*p + 5*k - 19270 = -28*p, -4*p - 3*k = -15418. List the prime factors of p.
2, 241
Suppose 21*z + 9496 = 27031. Let h = z + -355. What are the prime factors of h?
2, 3, 5
Let t be 122/42 - 60/(-630). List the prime factors of 9328/32 - t/6.
3, 97
Let h be (89 - 0)/(2/(-4)). Let c(w) = 28*w**3 + 6*w + 2. Let s be c(3). What are the prime factors of 2/(h/s - (-4)/16)?
97
Let k = 19842 + -9282. Suppose -7*p = 17*p - k. List the prime factors of p.
2, 5, 11
Let d(o) = 2*o**2 + 21*o + 45. Let z = 660 + -674. What are the prime factors of d(z)?
11, 13
Let f(v) = 33*v**2 + 4*v - 3. Suppose -7 = 21*x - 18*x - 2*w, -4*x + 5*w = 0. List the prime factors of f(x).
2, 401
Suppose 11*g = 6*g + 5*u + 27315, 0 = -3*g - 4*u + 16354. What are the prime factors of g?
2, 2729
Let c(h) = -h - 15. Su